{"id":83,"date":"2021-10-28T11:15:54","date_gmt":"2021-10-28T11:15:54","guid":{"rendered":"http:\/\/www.ocmritarikunta.fi\/?page_id=83"},"modified":"2025-04-03T13:49:42","modified_gmt":"2025-04-03T13:49:42","slug":"suomen-ekumeeninen-neuvosto","status":"publish","type":"page","link":"https:\/\/www.ocmritarikunta.fi\/index.php\/ritarikunta\/ekumenia\/suomen-ekumeeninen-neuvosto\/","title":{"rendered":"Suomen Ekumeeninen Neuvosto"},"content":{"rendered":"\n<p>OCM Suomen Konstantinus Yhdistys ry on Suomen ekumeenisen neuvoston kumppanuusj\u00e4sen. Neuvosto toimii kirkkojen ja j\u00e4rjest\u00f6jen yhteisty\u00f6elimen\u00e4 ja sen tarkoitus on: Edist\u00e4\u00e4 pyrkimyksi\u00e4 kohti Kristuksen kirkon n\u00e4kyv\u00e4\u00e4 ykseytt\u00e4. Vahvistaa kristittyjen yhteytt\u00e4, palvelua ja todistusta Suomessa. Toimia kirkkojen ja kristillisten yhteis\u00f6jen kohtaamispaikkana.<\/p>\n\n\n\n<p>Ritarikunnasta on j\u00e4seni\u00e4 seuraavissa Suomen ekumeenisen neuvoston jaostoissa: Kasvarusasioiden jaosto, Teologisen ja opillisten kysymysten jaosto, Yhdenvertaisuus -jaosto ja Yhteiskunnallisten asioiden jaosto.<\/p>\n","protected":false},"excerpt":{"rendered":"<p>OCM Suomen Konstantinus Yhdistys ry on Suomen ekumeenisen neuvoston kumppanuusj\u00e4sen. Neuvosto toimii kirkkojen ja j\u00e4rjest\u00f6jen yhteisty\u00f6elimen\u00e4 ja sen tarkoitus on: Edist\u00e4\u00e4 pyrkimyksi\u00e4 kohti Kristuksen kirkon n\u00e4kyv\u00e4\u00e4 ykseytt\u00e4. Vahvistaa kristittyjen yhteytt\u00e4, palvelua ja todistusta Suomessa. Toimia kirkkojen ja kristillisten yhteis\u00f6jen kohtaamispaikkana. Ritarikunnasta on j\u00e4seni\u00e4 seuraavissa Suomen ekumeenisen neuvoston jaostoissa: Kasvarusasioiden jaosto, Teologisen ja opillisten kysymysten jaosto, [&hellip;]<\/p>\n","protected":false},"author":1,"featured_media":0,"parent":81,"menu_order":0,"comment_status":"closed","ping_status":"closed","template":"","meta":{"footnotes":""},"class_list":["post-83","page","type-page","status-publish","hentry"],"_links":{"self":[{"href":"https:\/\/www.ocmritarikunta.fi\/index.php\/wp-json\/wp\/v2\/pages\/83","targetHints":{"allow":["GET"]}}],"collection":[{"href":"https:\/\/www.ocmritarikunta.fi\/index.php\/wp-json\/wp\/v2\/pages"}],"about":[{"href":"https:\/\/www.ocmritarikunta.fi\/index.php\/wp-json\/wp\/v2\/types\/page"}],"author":[{"embeddable":true,"href":"https:\/\/www.ocmritarikunta.fi\/index.php\/wp-json\/wp\/v2\/users\/1"}],"replies":[{"embeddable":true,"href":"https:\/\/www.ocmritarikunta.fi\/index.php\/wp-json\/wp\/v2\/comments?post=83"}],"version-history":[{"count":3,"href":"https:\/\/www.ocmritarikunta.fi\/index.php\/wp-json\/wp\/v2\/pages\/83\/revisions"}],"predecessor-version":[{"id":495,"href":"https:\/\/www.ocmritarikunta.fi\/index.php\/wp-json\/wp\/v2\/pages\/83\/revisions\/495"}],"up":[{"embeddable":true,"href":"https:\/\/www.ocmritarikunta.fi\/index.php\/wp-json\/wp\/v2\/pages\/81"}],"wp:attachment":[{"href":"https:\/\/www.ocmritarikunta.fi\/index.php\/wp-json\/wp\/v2\/media?parent=83"}],"curies":[{"name":"wp","href":"https:\/\/api.w.org\/{rel}","templated":true}]}}